 to base 13
-7121a
1110001100111001001 (base 2) to base 14
c1837
What is -1011101101000101 (base 2) in base 10?
-47941
Convert 1ae20 (base 15) to base 7.
513156
Convert 556234 (base 9) to base 4.
1101031021
Convert -1a6c9 (base 13) to base 10.
-51710
1111011100111011010 (base 2) to base 9
851488
-63733 (base 14) to base 4
-322220101
-1a9848 (base 11) to base 16
-4e3cc
What is 127442 (base 14) in base 8?
2327522
What is 2c30 (base 15) in base 11?
7152
-2d530 (base 16) to base 15
-3a018
Convert e716d (base 16) to base 10.
946541
47ca0 (base 14) to base 5
21102424
2022201 (base 6) to base 15
1d874
What is 566604 (base 7) in base 13?
36b58
What is 61cd1 (base 14) in base 4?
321203333
1325040 (base 7) to base 11
10a211
Convert 1376664 (base 11) to base 10.
2365983
What is 101111021201112 (base 3) in base 9?
11437645
-b7b6 (base 14) to base 3
-1121111200
What is -10245401 (base 6) in base 8?
-1115511
23354143 (base 6) to base 12
2b2953
Convert -6725025 (base 10) to base 12.
-2303969
-1860230 (base 9) to base 16
-febbc
What is -44087 (base 13) in base 5?
-12420033
-52545524 (base 6) to base 16
-17791c
What is 5345144 (base 6) in base 14?
6bb72
Convert -481a5a (base 12) to base 4.
-10130102212
Convert 14b914c (base 13) to base 15.
8b4373
-1101101101110111 (base 2) to base 3
-2212001212
Convert 726793 (base 11) to base 5.
244244244
24d09 (base 16) to base 6
3122041
Convert 1111011011110101 (base 2) to base 9.
105645
What is 132223313331 (base 4) in base 9?
16120300
What is 122010102121202 (base 3) in base 11?
5157531
6b5481 (base 14) to base 13
9b3a39
-13140534 (base 6) to base 5
-102324231
-837550 (base 9) to base 7
-4141545
Convert c37b3 (base 13) to base 8.
1254674
Convert -245712 (base 10) to base 2.
-111011111111010000
Convert -2010759 (base 10) to base 12.
-80b773
15807626 (base 9) to base 10
7918179
Convert -21403423 (base 5) to base 15.
-39b93
ab563 (base 14) to base 3
210002211121
40320301 (base 5) to base 12
137055
Convert 87963 (base 12) to base 13.
63837
128aa58 (base 12) to base 11
2086080
Convert -43230423 (base 7) to base 4.
-32010123111
112153224 (base 6) to base 5
1012132411
Convert 2015167 (base 8) to base 7.
4341201
What is 101011111101010000000 (base 2) in base 9?
2634746
Convert -111100100000001001 (base 2) to base 3.
-110120221102
Convert 353310152 (base 6) to base 14.
c3c5a4
-22300210 (base 6) to base 14
-1387dc
What is 41a17 (base 11) in base 10?
61123
What is -64561043 (base 7) in base 9?
-11328185
-1a74301 (base 12) to base 9
-11525461
-3312033023 (base 4) to base 11
-629848
What is -235a9 (base 15) in base 3?
-12201112120
What is 233113101331 (base 4) in base 14?
1912b81
3583793 (base 11) to base 10
6242008
-22251301 (base 8) to base 3
-100001010122120
Convert -525635 (base 7) to base 2.
-10110001011111000
What is -198000 (base 13) in base 15?
-cb5b3
1001001110000011110111 (base 2) to base 16
24e0f7
-16305 (base 13) to base 14
-11583
What is 1063426 (base 8) in base 4?
1012130112
What is 120204123 (base 5) in base 7?
4464115
363769a (base 11) to base 13
140a678
-1110111000110111 (base 2) to base 16
-ee37
What is 1000000001100001110011001 (base 2) in base 3?
1011122220200221
Convert 7007777 (base 8) to base 4.
13000333333
Convert -2570381 (base 10) to base 5.
-1124223011
Convert -1348286 (base 10) to base 7.
-14313602
110601 (base 11) to base 13
623b9
Convert 33813 (base 9) to base 11.
15a22
What is -17bc4d8 (base 14) in base 2?
-101100110100110101111110
Convert 495f8 (base 16) to base 2.
1001001010111111000
Convert -114562 (base 16) to base 4.
-10110111202
Convert -2313556 (base 8) to base 11.
-39a2a6
91d82 (base 16) to base 6
20445350
What is -5347782 (base 11) in base 8?
-43712360
What is 11000001101010000 (base 2) in base 5?
11133102
What is 379848 (base 12) in base 13?
25a627
1114124 (base 6) to base 14
16900
5135333 (base 7) to base 11
38a460
-111000111101001010 (base 2) to base 15
-491ca
What is -1223223111 (base 5) in base 3?
-12112122100010
What is 10020112 (base 4) in base 9?
25177
-2120110000 (base 3) to base 8
-142701
d6606b (base 14) to base 5
3323120032
Convert -30520206 (base 7) to base 16.
-270e52
Convert 5355423 (base 6) to base 4.
1000202013
-112431311 (base 5) to base 8
-1755025
Convert 10010332331 (base 4) to base 10.
1068989
-19aa9a (base 13) to base 10
-652129
-1242308 (base 12) to base 6
-204310012
Convert -312203 (base 7) to base 3.
-2201112112
-111113322 (base 4) to base 5
-10300141
What is -f17388 (base 16) in base 2?
-111100010111001110001000
Convert -2040124230 (base 5) to base 15.
-5866e5
-2056465 (base 7) to base 6
-5203324
Convert -20111001020211 (base 3) to base 11.
-1a43677
Convert -215601550 (base 7) to base 2.
-110001110000010010100111
-13fb9 (base 16) to base 7
-460425
What is 123120211 (base 5) in base 11?
379471
What is -21934 (base 11) in base 10?
-31739
What is -11732633 (base 8) in base 3?
-11220012211000
ef35f (base 16) to base 4
3233031133
What is -2102240013 (base 5) in base 10?
-4336883
What is 2201212 (base 6) in base 12?
53208
What is -158638 (base 10) in base 5?
-20034023
433004 (base 7) to base 12
37808
What is -101021112010101 (base 3) in base 14?
-a229ba
What is -2969032 (base 10) in base 9?
-5524664
What is 53ac31 (base 13) in base 11?
1123252
11dd2d (base 14) to base 5
124131001
Convert 150305430 (base 6) to base 12.
1058276
Convert -5346 (base 12) to base 6.
-110130
What is 1010120211011 (base 3) in base 12?
250487
Convert -3c181 (base 13) to base 7.
-645316
Convert -134910b (base 14) to base 2.
-100011100011110001100111
What is -31068 (base 16) in base 2?
-110001000001101000
-302102200033 (base 4) to base 3
-220210202122221
What is 333004340 (base 5) in base 7?
15233152
Convert -44410502 (base 6) to base 3.
-2112000200202
What is 1001111111010010110 (base 2) in base 6?
11003210
Convert -2540502 (base 9) to base 12.
-569462
Convert -7566402 (base 10) to base 7.
-121212324
424184 (base 9) to base 16
3d9e7
What is -cb506 (base 15) in base 7?
-5326446
What is 10101111101011101010 (base 2) in base 6?
23231242
Convert 72123 (base 9) to base 3.
2102010210
Convert -1012553012 (base 6) to base 16.
-a02bc0
-110101111010000010 (base 2) to base 8
-657202
What is 28727 (base 9) in base 10?
19546
145b47 (base 14) to base 9
1287360
What is 25444001 (base 6) in base 5?
203032210
Convert 5304324 (base 11) to base 2.
100011101001111001101111
Convert -101001001100111101011 (base 2) to base 6.
-44534323
-a008 (base 16) to base 3
-2002012100
Convert 20640110 (base 7) to base 10.
1757588
What is -68e53 (base 15) in base 5?
-41141403
202001121 (base 3) to base 16
391f
Convert -17224d (base 15) to base 6.
-40005531
-1100000010110011010001 (base 2) to base 7
-35556445
-12020011012211 (base 3) to base 4
-22212110020
Convert -101001000100010 (base 2) to base 13.
-9755
What is -251316 (base 9) in base 13?
-5419b
-1053103 (base 6) to base 11
-37490
Convert 1349038 (base 11) to base 14.
4475aa
Convert 11134200 (base 5) to base 8.
301744
What is 644566 (base 12) in base 14?
2d31b8
Convert 32c1ab (base 13) to base 4.
10210121223
What is 543b7a (base 12) in base 3?
2111202212011
110010110001101001000 (base 2) to base 7
20066530
What is -11001111011100101101111 (base 2) in base 4?
-121323211233
Convert -1004161 (base 8) to base 6.
-5355345
Convert 110112012110101 (base 3) to base 16.
659341
Convert 35648b (base 14) to base 13.
4ba96b
What is -141222313 (base 5) in base 16?
-b1637
Convert -10649a (base 12) to base 16.
-3f736
What is -24417001 (base 8) in base 16?
-521e01
Convert 7057010 (base 9) to base 13.
a17693
-1412055244 (base 6) to base 9
-35280451
What is -3d8da (base 14) in base 8?
-452150
-5883185 (base 9) to base 7
-36032024
Convert 2a4512 (base 13) to base 4.
3331120110
a30b85 (base 15) to base 6
434023225
Convert 171456 (base 8) to base 12.
3003a
Convert aa4a0 (base 11) to base 2.
100111001000111010
124662 (base 16) to base 5
301311131
-643616 (base 7) to base 3
-12200100002
What is 1101011010001011 (base 2) in base 10?
54923
524234 (base 7) to base 13
32168
What is 249315 (base 12) in base 6?
20442025
-2155811 (base 9) to base 10
-1159039
What is -37719b (base 14) in base 10?
-1901925
-268233 (base 10) to base 16
-417c9
What is 11233014 (base 5) in base 16?
18f73
-dcbde7 (base 15) to base 